 4*v = 0, n = -2*n + 5*v - 37. Let g(a) = -a + 25. Let q be g(20). What is the remainder when 5 is divided by q + (2/n)/((-12)/(-24))?
1
Suppose 19*b = b + 252. Let z be (12/14)/((-3)/(-105)). Calculate the remainder when b is divided by ((-40)/z)/((-1)/3).
2
Let q(m) be the first derivative of m**2 + 36*m - 13. Let o be q(0). Suppose -o - 39 = -5*u. What is the remainder when u is divided by 8?
7
Let y be (-1 - -1)/(0 + -2). Suppose y = 2*x - 54 - 58. What is the remainder when x is divided by ((-10)/(-9))/(-5) + (-310)/(-18)?
5
Let s = -3981 + 4036. Calculate the remainder when 604 is divided by s.
54
Let r(q) = -9*q**3 - 82*q**2 - 9*q + 22. Let g(n) = n**3 + 10*n**2 + 10*n + 12. What is the remainder when r(-9) is divided by g(-9)?
1
Let h(z) be the first derivative of 145*z**3/3 - 15*z**2/2 + 35*z - 20. What is the remainder when h(3) is divided by 81?
80
Let p be 1/3 - 11/(-3). Suppose 411*w = 468*w. Suppose w = -3*m - p*m + 98. What is the remainder when 53 is divided by m?
11
Let h(f) = f**3 + 6*f**2 + 6*f + 6. Let p = -102 - -96. Let v be ((-76)/(-24) - (-1)/p) + -8. What is the remainder when 4 is divided by h(v)?
0
Let x = -11073 + 11089. Calculate the remainder when 62 is divided by x.
14
What is the remainder when 0 + -4*5/10*2 - -4323 is divided by 36?
35
Let h(d) = -11*d**2 + 3*d - 22. Let n be h(10). Let p be (2/4)/((-7)/n). Let w = p - 61. What is the remainder when 45 is divided by w?
11
Suppose 170 = -4*y - 3*q + q, -4*q + 232 = -5*y. Let i be 3 + y/12 + 70/(-3). Let o = i - -29. What is the remainder when 6 is divided by o?
1
Calculate the remainder when (-4)/12 - 23855/(-15) is divided by 29.
24
Suppose -t - 2 = -a, -3*t - 7 = -a + 3. Let r(o) = 2*o**2 - 2. Let h be r(t). What is the remainder when 16 is divided by ((-5)/(25/2))/((-2)/h)?
4
Calculate the remainder when 114 is divided by 56/21 + (-12)/18 - -1.
0
Let d(q) = -65*q + 198. Let l(a) = 130*a - 401. Let y(v) = -7*d(v) - 3*l(v). Calculate the remainder when 19 - (2 + -3 - -1) is divided by y(3).
7
Let h(f) = 2*f**2 - 124*f - 502. Calculate the remainder when 2133 is divided by h(-4).
1
Let p(r) = -r**2 - 14*r - 39. Let o be p(-3). Calculate the remainder when 117 is divided by (-2)/o*-5*-18.
27
Let v(u) = -5*u + 21. Suppose -68 = 4*m + 3*w - 2*w, 60 = -4*m - 3*w. What is the remainder when v(m) is divided by 38?
35
Let v = -2930 - -3241. Calculate the remainder when v is divided by 21.
17
Calculate the remainder when -4 - 32/4*-4 is divided by 27.
1
Suppose -27 = o - 2*d, -d = -5 + 4. Calculate the remainder when 201*(4/(-6))/(-2) is divided by 5 + 762/(-150) - 577/o.
21
Suppose -52*g = -51*g - 3. Calculate the remainder when 88/7*((-42)/(-4))/g is divided by 13.
5
Let a = -18 - -814. Calculate the remainder when a is divided by 25.
21
Let v(m) = 24*m**2 + 38*m - 31. Let d be v(7). Suppose 2*p - d = -3*u, -u = -4*p - 241 - 220. What is the remainder when u is divided by 59?
56
Let z = -1273 - -1368. Suppose 5*g = 2*i - 25, -i + 2*g - g = -20. Calculate the remainder when z is divided by i.
20
Suppose -7*c - 499 = 110. Let x = c + 69. Let u(a) = a**3 + 17*a**2 - 21*a + 21. Calculate the remainder when u(x) is divided by 27.
21
Let c(x) = -43*x**2 - 1634*x + 51. Calculate the remainder when c(-38) is divided by (-3)/(-6) + (-34)/(-4).
6
Let m = 17 - 15. Suppose 0 = -5*y - 15, -m*y = 2*k - 4*y - 42. What is the remainder when 63 is divided by k?
9
Suppose 3 = 3*v, 0 = -4*w - 2*v + 96 + 74. Let x = w + 1. What is the remainder when x is divided by (-4)/(-4)*(27 - 4)?
20
Let a = 52 + -48. Suppose -2*q + a = 0, -133 = -3*g + 5*q - q. Let h = 72 - g. What is the remainder when h is divided by 10?
5
Let n(a) = a**3 + 51*a**2 + 537*a - 12. What is the remainder when 3428 is divided by n(-17)?
3
Let t = -2346 + 3612. What is the remainder when 2539 is divided by t?
7
Suppose -5*v = -6*w + 9*w - 3, -v = -5*w + 33. What is the remainder when 167 is divided by w*2/30*60?
23
Suppose 4*l - 24 = 3*a, -a - a = -4*l + 24. What is the remainder when 14 is divided by (-12)/((8/l)/(-1))?
5
Let p = -272 - -96. Let f = 190 + p. Calculate the remainder when 151 is divided by f.
11
Suppose -17*n + 12733 = 260*n + 1099. Let o = -69 - -171. Suppose -2*v = 5*i - 0*i - o, 0 = -4*i + 2*v + 96. What is the remainder when n is divided by i?
20
Suppose 0 = 3*y + x - 74, 26 = y + x - 0*x. Suppose s = 62 + y. Suppose -4*t = 2*l - 6*l - 140, 2*l - s = -2*t. What is the remainder when 155 is divided by t?
38
Let k(g) = 16*g**2 - 32*g - 82. What is the remainder when k(-5) is divided by 98?
86
Let f(a) = -a**3 + 41*a**2 + 428. What is the remainder when f(40) is divided by 16?
12
Suppose 0 = -29*m - 9*m + 3*m + 21770. What is the remainder when m is divided by 16?
14
Let g = -2574 - -2589. Calculate the remainder when 2064 is divided by g.
9
Let b(l) be the second derivative of 19*l**4/4 - l**3/2 - l**2/2 - 33*l + 1. What is the remainder when b(2) is divided by 16?
13
Let f = 1053 - 534. Calculate the remainder when f is divided by 33.
24
Let l be (1/(-2))/((-1)/2). Calculate the remainder when 111 - (l - 3 - -6) is divided by (-4 - 0) + 1 + 1 + 29.
26
What is the remainder when ((-2)/(-3) - (-96)/(-63)) + (-1153880)/(-2548) is divided by 71?
26
Suppose 0 = -2*d + 2*l + 4, -9 = 3*d + l - 15. Suppose 3*y - 3*j = d*j + 338, -2*y + 204 = 2*j. What is the remainder when y is divided by 18?
16
Let c(b) = -b**2 - 25*b + 62. Let k be c(-27). Suppose -5 = -5*p, -k*p = -4*q - 3*p + 347. What is the remainder when q is divided by 48?
40
Calculate the remainder when 11039 is divided by 1*(37 - -4) + (1 - (2 - -8)).
31
Let s(f) = 2*f**2 - 13*f + 26. Let v(w) = -w**3 + 10*w**2 + 12*w - 5. Let x be v(11). What is the remainder when 56 is divided by s(x)?
16
Suppose -4*i + 4466 = -3*v, -167*i + v = -165*i - 2232. Calculate the remainder when i is divided by 93.
92
Calculate the remainder when 638 is divided by 489/21 - 13*(-24)/(-1092).
17
Suppose -3*m - 12 = -4*m. Suppose -2*l - 81 = -3*l. Calculate the remainder when l is divided by 6/m - (-83)/2.
39
Let o(c) be the third derivative of c**6/120 - 4*c**5/15 - 3*c**4/4 + 15*c**3 - c**2 + 90*c. Calculate the remainder when o(17) is divided by 26.
21
Suppose v - 175 = -0*v - 4*d, -2*v = 4*d - 362. What is the remainder when v is divided by 185?
2
Suppose -4*v = -w + 18 + 71, -5*w - 4*v + 325 = 0. Let u = w + -75. Let l(k) = -19*k - 4. Calculate the remainder when l(u) is divided by 14.
12
Let v be 233/(-4) - 2*(-2)/16. Let p = v - -73. Suppose -25*c + p = -22*c. What is the remainder when c is divided by 3?
2
Suppose -2*o + 8 = 0, -4*c = 5*o - 36 - 32. What is the remainder when 200 is divided by c?
8
Suppose 2238 = l - t, -l + 208 = 3*t - 2018. Suppose l = 5*p + u - 4*u, -2639 = -6*p - 5*u. What is the remainder when p is divided by 112?
108
Let m be ((-100)/(-6))/(56/12 - 4). Calculate the remainder when 24 is divided by m/10*(-4)/(-5) - -11.
11
Suppose 0 = 25*p - 169 - 312 - 244. What is the remainder when 334 is divided by p?
15
Let j = 18 - -31. Let l = -32 + j. Let v = 8 - -59. Calculate the remainder when v is divided by l.
16
Let j(d) = d**2 + 27*d - 47. Let i be j(-29). Let o(f) = -2*f**2 + 28*f - 10. What is the remainder when o(i) is divided by 12?
8
Let m(q) = -6*q + 37 - 5*q + 4*q. Let l be (-105)/(-42) - 3/(-2). What is the remainder when 23 is divided by m(l)?
5
Suppose 5*s - 4*t - 53 = -2, 3 = s + t. What is the remainder when 455 is divided by s?
0
Suppose 6*b - 332 = 100. Let a be b/15 + (-16)/20. Suppose 2 = 2*l, 0 = -5*s + a*l + 135 + 66. Calculate the remainder when s is divided by 14.
13
Suppose 5*d - 14*i - 33 = -12*i, d + 11 = -4*i. Suppose -9*b = -14*b + 4*c + 119, -d*c = -5*b + 120. Calculate the remainder when 155 is divided by b.
17
Let o = 13206 + -10043. What is the remainder when o is divided by 18?
13
Let j(x) = x**2 - 6*x - 18. Let c(b) = -b**3 - 13*b**2 - 11*b + 16. Let r be c(-12). Let d be -4 + 52/16*r. What is the remainder when 35 is divided by j(d)?
8
Let d be -8*1*(-121)/(-22). Calculate the remainder when 3*1/(-6)*d is divided by 12.
10
Suppose 126 = -53*q + 4949. Calculate the remainder when 2248 is divided by q.
64
Suppose 55*r = 61*r - 8298. Suppose -2 = -n, 4*n = 5*t - 274 - r. What is the remainder when t is divided by